{"id":349,"date":"2021-02-23T19:37:11","date_gmt":"2021-02-24T01:37:11","guid":{"rendered":"http:\/\/test.colegiolasalledepuebla.edu.mx\/wordpress\/?page_id=349"},"modified":"2021-02-23T19:56:26","modified_gmt":"2021-02-24T01:56:26","slug":"primaria-servicio-e-instalaciones","status":"publish","type":"page","link":"https:\/\/test.colegiolasalledepuebla.edu.mx\/wordpress\/primaria-servicio-e-instalaciones\/","title":{"rendered":"SERVICIO E INSTALACIONES"},"content":{"rendered":"\n<ul><li>Salones adecuados.<\/li><li>Cub\u00edculos para entrevistas<\/li><li>Centro de computo.<\/li><li>SUM<\/li><li>Cafeter\u00eda.<\/li><li>Enfermer\u00eda<\/li><li>Capilla<\/li><li>Canchas de futbol, basquetbol y Voleibol.<\/li><li>Auditorio.<\/li><li>Plataforma Google for education<\/li><\/ul>\n","protected":false},"excerpt":{"rendered":"<p>Salones adecuados. Cub\u00edculos para entrevistas Centro de computo. SUM Cafeter\u00eda. Enfermer\u00eda Capilla Canchas de futbol, basquetbol y Voleibol. Auditorio. Plataforma Google for education<\/p>\n","protected":false},"author":1,"featured_media":0,"parent":0,"menu_order":0,"comment_status":"closed","ping_status":"closed","template":"","meta":[],"_links":{"self":[{"href":"https:\/\/test.colegiolasalledepuebla.edu.mx\/wordpress\/wp-json\/wp\/v2\/pages\/349"}],"collection":[{"href":"https:\/\/test.colegiolasalledepuebla.edu.mx\/wordpress\/wp-json\/wp\/v2\/pages"}],"about":[{"href":"https:\/\/test.colegiolasalledepuebla.edu.mx\/wordpress\/wp-json\/wp\/v2\/types\/page"}],"author":[{"embeddable":true,"href":"https:\/\/test.colegiolasalledepuebla.edu.mx\/wordpress\/wp-json\/wp\/v2\/users\/1"}],"replies":[{"embeddable":true,"href":"https:\/\/test.colegiolasalledepuebla.edu.mx\/wordpress\/wp-json\/wp\/v2\/comments?post=349"}],"version-history":[{"count":2,"href":"https:\/\/test.colegiolasalledepuebla.edu.mx\/wordpress\/wp-json\/wp\/v2\/pages\/349\/revisions"}],"predecessor-version":[{"id":399,"href":"https:\/\/test.colegiolasalledepuebla.edu.mx\/wordpress\/wp-json\/wp\/v2\/pages\/349\/revisions\/399"}],"wp:attachment":[{"href":"https:\/\/test.colegiolasalledepuebla.edu.mx\/wordpress\/wp-json\/wp\/v2\/media?parent=349"}],"curies":[{"name":"wp","href":"https:\/\/api.w.org\/{rel}","templated":true}]}}